{"id":17,"date":"2020-07-05T13:08:30","date_gmt":"2020-07-05T13:08:30","guid":{"rendered":"http:\/\/textadel.de\/?page_id=17"},"modified":"2021-08-10T17:41:28","modified_gmt":"2021-08-10T17:41:28","slug":"vita","status":"publish","type":"page","link":"https:\/\/ulrich-wegst.de\/?page_id=17","title":{"rendered":"\u00dcber Ulrich Wegst"},"content":{"rendered":"\t\t<div data-elementor-type=\"wp-page\" data-elementor-id=\"17\" class=\"elementor elementor-17\">\n\t\t\t\t\t\t\t\t\t<section class=\"elementor-section elementor-top-section elementor-element elementor-element-966f96e elementor-section-boxed elementor-section-height-default elementor-section-height-default\" data-id=\"966f96e\" data-element_type=\"section\">\n\t\t\t\t\t\t<div class=\"elementor-container elementor-column-gap-default\">\n\t\t\t\t\t<div class=\"elementor-column elementor-col-100 elementor-top-column elementor-element elementor-element-f8bac36\" data-id=\"f8bac36\" data-element_type=\"column\">\n\t\t\t<div class=\"elementor-widget-wrap elementor-element-populated\">\n\t\t\t\t\t\t\t\t<div class=\"elementor-element elementor-element-57dd4f2 elementor-widget elementor-widget-text-editor\" data-id=\"57dd4f2\" data-element_type=\"widget\" data-widget_type=\"text-editor.default\">\n\t\t\t\t<div class=\"elementor-widget-container\">\n\t\t\t\t\t\t\t<p>\u00dcber Ulrich Wegst<\/p>\t\t\t\t\t\t<\/div>\n\t\t\t\t<\/div>\n\t\t\t\t\t<\/div>\n\t\t<\/div>\n\t\t\t\t\t\t\t<\/div>\n\t\t<\/section>\n\t\t\t\t<section class=\"elementor-section elementor-top-section elementor-element elementor-element-1f04823 elementor-section-boxed elementor-section-height-default elementor-section-height-default\" data-id=\"1f04823\" data-element_type=\"section\">\n\t\t\t\t\t\t<div class=\"elementor-container elementor-column-gap-default\">\n\t\t\t\t\t<div class=\"elementor-column elementor-col-100 elementor-top-column elementor-element elementor-element-5fe8938\" data-id=\"5fe8938\" data-element_type=\"column\">\n\t\t\t<div class=\"elementor-widget-wrap elementor-element-populated\">\n\t\t\t\t\t\t\t\t<section class=\"elementor-section elementor-inner-section elementor-element elementor-element-e7ee4f8 elementor-section-boxed elementor-section-height-default elementor-section-height-default\" data-id=\"e7ee4f8\" data-element_type=\"section\">\n\t\t\t\t\t\t<div class=\"elementor-container elementor-column-gap-default\">\n\t\t\t\t\t<div class=\"elementor-column elementor-col-50 elementor-inner-column elementor-element elementor-element-c5ee942\" data-id=\"c5ee942\" data-element_type=\"column\">\n\t\t\t<div class=\"elementor-widget-wrap elementor-element-populated\">\n\t\t\t\t\t\t\t\t<div class=\"elementor-element elementor-element-82519a5 elementor-widget elementor-widget-image\" data-id=\"82519a5\" data-element_type=\"widget\" data-widget_type=\"image.default\">\n\t\t\t\t<div class=\"elementor-widget-container\">\n\t\t\t\t\t\t\t\t\t\t\t\t\t\t\t<img decoding=\"async\" src=\"https:\/\/ulrich-wegst.de\/wp-content\/uploads\/elementor\/thumbs\/Kloepperfotodesign-149b-scaled-owrkyh0a3bw7n8m7ylw4ueihiawq8olvzli9ql44nc.jpg\" title=\"Kloepperfotodesign-149b\" alt=\"Kloepperfotodesign-149b\" loading=\"lazy\" \/>\t\t\t\t\t\t\t\t\t\t\t\t\t\t\t<\/div>\n\t\t\t\t<\/div>\n\t\t\t\t\t<\/div>\n\t\t<\/div>\n\t\t\t\t<div class=\"elementor-column elementor-col-50 elementor-inner-column elementor-element elementor-element-9f57b9f\" data-id=\"9f57b9f\" data-element_type=\"column\">\n\t\t\t<div class=\"elementor-widget-wrap elementor-element-populated\">\n\t\t\t\t\t\t\t\t<div class=\"elementor-element elementor-element-c57f68d elementor-widget elementor-widget-text-editor\" data-id=\"c57f68d\" data-element_type=\"widget\" data-widget_type=\"text-editor.default\">\n\t\t\t\t<div class=\"elementor-widget-container\">\n\t\t\t\t\t\t\t<p>Ulrich Wegst geh\u00f6rt zu den Insidern. Er ist seit mehr als 20 Jahren im politischen Betrieb t\u00e4tig, unter anderem als wissenschaftlicher Mitarbeiter von Abgeordneten im Bundestag. Dar\u00fcber hinaus war er als Referent und B\u00fcroleiter beim DGB-Bundesvorstand t\u00e4tigt. Heute arbeitet er in einem Landes-Umweltministerium.<\/p>\t\t\t\t\t\t<\/div>\n\t\t\t\t<\/div>\n\t\t\t\t\t<\/div>\n\t\t<\/div>\n\t\t\t\t\t\t\t<\/div>\n\t\t<\/section>\n\t\t\t\t\t<\/div>\n\t\t<\/div>\n\t\t\t\t\t\t\t<\/div>\n\t\t<\/section>\n\t\t\t\t\t\t\t<\/div>\n\t\t","protected":false},"excerpt":{"rendered":"<p>\u00dcber Ulrich Wegst Ulrich Wegst geh\u00f6rt zu den Insidern. Er ist seit mehr als 20 Jahren im politischen Betrieb t\u00e4tig, unter anderem als wissenschaftlicher Mitarbeiter von Abgeordneten im Bundestag. Dar\u00fcber hinaus war er als Referent und B\u00fcroleiter beim DGB-Bundesvorstand t\u00e4tigt. Heute arbeitet er in einem Landes-Umweltministerium.<\/p>\n","protected":false},"author":1,"featured_media":0,"parent":0,"menu_order":20,"comment_status":"closed","ping_status":"closed","template":"","meta":{"footnotes":"","twitterCardType":"","cardImageID":0,"cardImage":"","cardTitle":"","cardDesc":"","cardImageAlt":"","cardPlayer":"","cardPlayerWidth":0,"cardPlayerHeight":0,"cardPlayerStream":"","cardPlayerCodec":""},"yoast_head":"<!-- This site is optimized with the Yoast SEO plugin v22.6 - https:\/\/yoast.com\/wordpress\/plugins\/seo\/ -->\n<title>\u00dcber Ulrich Wegst -<\/title>\n<meta name=\"robots\" content=\"index, follow, max-snippet:-1, max-image-preview:large, max-video-preview:-1\" \/>\n<link rel=\"canonical\" href=\"https:\/\/ulrich-wegst.de\/?page_id=17\" \/>\n<meta property=\"og:locale\" content=\"de_DE\" \/>\n<meta property=\"og:type\" content=\"article\" \/>\n<meta property=\"og:title\" content=\"\u00dcber Ulrich Wegst -\" \/>\n<meta property=\"og:description\" content=\"\u00dcber Ulrich Wegst Ulrich Wegst geh\u00f6rt zu den Insidern. Er ist seit mehr als 20 Jahren im politischen Betrieb t\u00e4tig, unter anderem als wissenschaftlicher Mitarbeiter von Abgeordneten im Bundestag. Dar\u00fcber hinaus war er als Referent und B\u00fcroleiter beim DGB-Bundesvorstand t\u00e4tigt. Heute arbeitet er in einem Landes-Umweltministerium.\" \/>\n<meta property=\"og:url\" content=\"https:\/\/ulrich-wegst.de\/?page_id=17\" \/>\n<meta property=\"article:modified_time\" content=\"2021-08-10T17:41:28+00:00\" \/>\n<meta property=\"og:image\" content=\"https:\/\/ulrich-wegst.de\/wp-content\/uploads\/elementor\/thumbs\/Kloepperfotodesign-149b-scaled-owrkyh0a3bw7n8m7ylw4ueihiawq8olvzli9ql44nc.jpg\" \/>\n<meta name=\"twitter:card\" content=\"summary_large_image\" \/>\n<meta name=\"twitter:label1\" content=\"Gesch\u00e4tzte Lesezeit\" \/>\n\t<meta name=\"twitter:data1\" content=\"1\u00a0Minute\" \/>\n<script type=\"application\/ld+json\" class=\"yoast-schema-graph\">{\"@context\":\"https:\/\/schema.org\",\"@graph\":[{\"@type\":\"WebPage\",\"@id\":\"https:\/\/ulrich-wegst.de\/?page_id=17\",\"url\":\"https:\/\/ulrich-wegst.de\/?page_id=17\",\"name\":\"\u00dcber Ulrich Wegst -\",\"isPartOf\":{\"@id\":\"https:\/\/ulrich-wegst.de\/#website\"},\"primaryImageOfPage\":{\"@id\":\"https:\/\/ulrich-wegst.de\/?page_id=17#primaryimage\"},\"image\":{\"@id\":\"https:\/\/ulrich-wegst.de\/?page_id=17#primaryimage\"},\"thumbnailUrl\":\"https:\/\/ulrich-wegst.de\/wp-content\/uploads\/elementor\/thumbs\/Kloepperfotodesign-149b-scaled-owrkyh0a3bw7n8m7ylw4ueihiawq8olvzli9ql44nc.jpg\",\"datePublished\":\"2020-07-05T13:08:30+00:00\",\"dateModified\":\"2021-08-10T17:41:28+00:00\",\"breadcrumb\":{\"@id\":\"https:\/\/ulrich-wegst.de\/?page_id=17#breadcrumb\"},\"inLanguage\":\"de\",\"potentialAction\":[{\"@type\":\"ReadAction\",\"target\":[\"https:\/\/ulrich-wegst.de\/?page_id=17\"]}]},{\"@type\":\"ImageObject\",\"inLanguage\":\"de\",\"@id\":\"https:\/\/ulrich-wegst.de\/?page_id=17#primaryimage\",\"url\":\"https:\/\/ulrich-wegst.de\/wp-content\/uploads\/elementor\/thumbs\/Kloepperfotodesign-149b-scaled-owrkyh0a3bw7n8m7ylw4ueihiawq8olvzli9ql44nc.jpg\",\"contentUrl\":\"https:\/\/ulrich-wegst.de\/wp-content\/uploads\/elementor\/thumbs\/Kloepperfotodesign-149b-scaled-owrkyh0a3bw7n8m7ylw4ueihiawq8olvzli9ql44nc.jpg\"},{\"@type\":\"BreadcrumbList\",\"@id\":\"https:\/\/ulrich-wegst.de\/?page_id=17#breadcrumb\",\"itemListElement\":[{\"@type\":\"ListItem\",\"position\":1,\"name\":\"Startseite\",\"item\":\"https:\/\/ulrich-wegst.de\/\"},{\"@type\":\"ListItem\",\"position\":2,\"name\":\"\u00dcber Ulrich Wegst\"}]},{\"@type\":\"WebSite\",\"@id\":\"https:\/\/ulrich-wegst.de\/#website\",\"url\":\"https:\/\/ulrich-wegst.de\/\",\"name\":\"\",\"description\":\"\",\"potentialAction\":[{\"@type\":\"SearchAction\",\"target\":{\"@type\":\"EntryPoint\",\"urlTemplate\":\"https:\/\/ulrich-wegst.de\/?s={search_term_string}\"},\"query-input\":\"required name=search_term_string\"}],\"inLanguage\":\"de\"}]}<\/script>\n<!-- \/ Yoast SEO plugin. -->","yoast_head_json":{"title":"\u00dcber Ulrich Wegst -","robots":{"index":"index","follow":"follow","max-snippet":"max-snippet:-1","max-image-preview":"max-image-preview:large","max-video-preview":"max-video-preview:-1"},"canonical":"https:\/\/ulrich-wegst.de\/?page_id=17","og_locale":"de_DE","og_type":"article","og_title":"\u00dcber Ulrich Wegst -","og_description":"\u00dcber Ulrich Wegst Ulrich Wegst geh\u00f6rt zu den Insidern. Er ist seit mehr als 20 Jahren im politischen Betrieb t\u00e4tig, unter anderem als wissenschaftlicher Mitarbeiter von Abgeordneten im Bundestag. Dar\u00fcber hinaus war er als Referent und B\u00fcroleiter beim DGB-Bundesvorstand t\u00e4tigt. Heute arbeitet er in einem Landes-Umweltministerium.","og_url":"https:\/\/ulrich-wegst.de\/?page_id=17","article_modified_time":"2021-08-10T17:41:28+00:00","og_image":[{"url":"https:\/\/ulrich-wegst.de\/wp-content\/uploads\/elementor\/thumbs\/Kloepperfotodesign-149b-scaled-owrkyh0a3bw7n8m7ylw4ueihiawq8olvzli9ql44nc.jpg"}],"twitter_card":"summary_large_image","twitter_misc":{"Gesch\u00e4tzte Lesezeit":"1\u00a0Minute"},"schema":{"@context":"https:\/\/schema.org","@graph":[{"@type":"WebPage","@id":"https:\/\/ulrich-wegst.de\/?page_id=17","url":"https:\/\/ulrich-wegst.de\/?page_id=17","name":"\u00dcber Ulrich Wegst -","isPartOf":{"@id":"https:\/\/ulrich-wegst.de\/#website"},"primaryImageOfPage":{"@id":"https:\/\/ulrich-wegst.de\/?page_id=17#primaryimage"},"image":{"@id":"https:\/\/ulrich-wegst.de\/?page_id=17#primaryimage"},"thumbnailUrl":"https:\/\/ulrich-wegst.de\/wp-content\/uploads\/elementor\/thumbs\/Kloepperfotodesign-149b-scaled-owrkyh0a3bw7n8m7ylw4ueihiawq8olvzli9ql44nc.jpg","datePublished":"2020-07-05T13:08:30+00:00","dateModified":"2021-08-10T17:41:28+00:00","breadcrumb":{"@id":"https:\/\/ulrich-wegst.de\/?page_id=17#breadcrumb"},"inLanguage":"de","potentialAction":[{"@type":"ReadAction","target":["https:\/\/ulrich-wegst.de\/?page_id=17"]}]},{"@type":"ImageObject","inLanguage":"de","@id":"https:\/\/ulrich-wegst.de\/?page_id=17#primaryimage","url":"https:\/\/ulrich-wegst.de\/wp-content\/uploads\/elementor\/thumbs\/Kloepperfotodesign-149b-scaled-owrkyh0a3bw7n8m7ylw4ueihiawq8olvzli9ql44nc.jpg","contentUrl":"https:\/\/ulrich-wegst.de\/wp-content\/uploads\/elementor\/thumbs\/Kloepperfotodesign-149b-scaled-owrkyh0a3bw7n8m7ylw4ueihiawq8olvzli9ql44nc.jpg"},{"@type":"BreadcrumbList","@id":"https:\/\/ulrich-wegst.de\/?page_id=17#breadcrumb","itemListElement":[{"@type":"ListItem","position":1,"name":"Startseite","item":"https:\/\/ulrich-wegst.de\/"},{"@type":"ListItem","position":2,"name":"\u00dcber Ulrich Wegst"}]},{"@type":"WebSite","@id":"https:\/\/ulrich-wegst.de\/#website","url":"https:\/\/ulrich-wegst.de\/","name":"","description":"","potentialAction":[{"@type":"SearchAction","target":{"@type":"EntryPoint","urlTemplate":"https:\/\/ulrich-wegst.de\/?s={search_term_string}"},"query-input":"required name=search_term_string"}],"inLanguage":"de"}]}},"_links":{"self":[{"href":"https:\/\/ulrich-wegst.de\/index.php?rest_route=\/wp\/v2\/pages\/17"}],"collection":[{"href":"https:\/\/ulrich-wegst.de\/index.php?rest_route=\/wp\/v2\/pages"}],"about":[{"href":"https:\/\/ulrich-wegst.de\/index.php?rest_route=\/wp\/v2\/types\/page"}],"author":[{"embeddable":true,"href":"https:\/\/ulrich-wegst.de\/index.php?rest_route=\/wp\/v2\/users\/1"}],"replies":[{"embeddable":true,"href":"https:\/\/ulrich-wegst.de\/index.php?rest_route=%2Fwp%2Fv2%2Fcomments&post=17"}],"version-history":[{"count":36,"href":"https:\/\/ulrich-wegst.de\/index.php?rest_route=\/wp\/v2\/pages\/17\/revisions"}],"predecessor-version":[{"id":1667,"href":"https:\/\/ulrich-wegst.de\/index.php?rest_route=\/wp\/v2\/pages\/17\/revisions\/1667"}],"wp:attachment":[{"href":"https:\/\/ulrich-wegst.de\/index.php?rest_route=%2Fwp%2Fv2%2Fmedia&parent=17"}],"curies":[{"name":"wp","href":"https:\/\/api.w.org\/{rel}","templated":true}]}}