{"id":181,"date":"2020-10-31T16:31:54","date_gmt":"2020-10-31T16:31:54","guid":{"rendered":"http:\/\/textadel.de\/?page_id=181"},"modified":"2021-12-04T12:10:04","modified_gmt":"2021-12-04T12:10:04","slug":"pressebilder","status":"publish","type":"page","link":"https:\/\/ulrich-wegst.de\/?page_id=181","title":{"rendered":"Pressebilder"},"content":{"rendered":"\t\t<div data-elementor-type=\"wp-page\" data-elementor-id=\"181\" class=\"elementor elementor-181\">\n\t\t\t\t\t\t\t\t\t<section class=\"elementor-section elementor-top-section elementor-element elementor-element-6827785 elementor-section-boxed elementor-section-height-default elementor-section-height-default\" data-id=\"6827785\" data-element_type=\"section\">\n\t\t\t\t\t\t<div class=\"elementor-container elementor-column-gap-default\">\n\t\t\t\t\t<div class=\"elementor-column elementor-col-100 elementor-top-column elementor-element elementor-element-eb05986\" data-id=\"eb05986\" data-element_type=\"column\">\n\t\t\t<div class=\"elementor-widget-wrap elementor-element-populated\">\n\t\t\t\t\t\t\t\t<div class=\"elementor-element elementor-element-38bdfad elementor-widget elementor-widget-text-editor\" data-id=\"38bdfad\" data-element_type=\"widget\" data-widget_type=\"text-editor.default\">\n\t\t\t\t<div class=\"elementor-widget-container\">\n\t\t\t\t\t\t\t<p>Pressebilder<\/p>\t\t\t\t\t\t<\/div>\n\t\t\t\t<\/div>\n\t\t\t\t\t<\/div>\n\t\t<\/div>\n\t\t\t\t\t\t\t<\/div>\n\t\t<\/section>\n\t\t\t\t<section class=\"elementor-section elementor-top-section elementor-element elementor-element-adf0238 pressTopContent elementor-section-boxed elementor-section-height-default elementor-section-height-default\" data-id=\"adf0238\" data-element_type=\"section\">\n\t\t\t\t\t\t<div class=\"elementor-container elementor-column-gap-default\">\n\t\t\t\t\t<div class=\"elementor-column elementor-col-100 elementor-top-column elementor-element elementor-element-d1f2acd\" data-id=\"d1f2acd\" data-element_type=\"column\">\n\t\t\t<div class=\"elementor-widget-wrap elementor-element-populated\">\n\t\t\t\t\t\t\t\t<div class=\"elementor-element elementor-element-3aaa470 elementor-widget elementor-widget-text-editor\" data-id=\"3aaa470\" data-element_type=\"widget\" data-widget_type=\"text-editor.default\">\n\t\t\t\t<div class=\"elementor-widget-container\">\n\t\t\t\t\t\t\t<p>Auf dieser Seite k\u00f6nnen hochaufl\u00f6sende Bilder von Ulrich Wegst heruntergeladen werden. Die Aufnahmen k\u00f6nnen unter Angabe der Quelle verwendet werden.<\/p>\t\t\t\t\t\t<\/div>\n\t\t\t\t<\/div>\n\t\t\t\t\t<\/div>\n\t\t<\/div>\n\t\t\t\t\t\t\t<\/div>\n\t\t<\/section>\n\t\t\t\t<section class=\"elementor-section elementor-top-section elementor-element elementor-element-0f2d3ca pressBuildSection elementor-section-boxed elementor-section-height-default elementor-section-height-default\" data-id=\"0f2d3ca\" data-element_type=\"section\">\n\t\t\t\t\t\t<div class=\"elementor-container elementor-column-gap-default\">\n\t\t\t\t\t<div class=\"elementor-column elementor-col-100 elementor-top-column elementor-element elementor-element-609a8f6\" data-id=\"609a8f6\" data-element_type=\"column\" data-settings=\"{&quot;background_background&quot;:&quot;classic&quot;}\">\n\t\t\t<div class=\"elementor-widget-wrap elementor-element-populated\">\n\t\t\t\t\t\t\t\t<div class=\"elementor-element elementor-element-8312fab elementor-widget elementor-widget-image\" data-id=\"8312fab\" data-element_type=\"widget\" data-widget_type=\"image.default\">\n\t\t\t\t<div class=\"elementor-widget-container\">\n\t\t\t\t\t\t\t\t\t\t\t\t<figure class=\"wp-caption\">\n\t\t\t\t\t\t\t\t\t\t<img decoding=\"async\" loading=\"lazy\" width=\"300\" height=\"199\" src=\"https:\/\/ulrich-wegst.de\/wp-content\/uploads\/2020\/12\/Ulrich-Wegst-1-small-Bildrechte-1-300x199.jpg\" class=\"attachment-medium size-medium wp-image-442\" alt=\"\" srcset=\"https:\/\/ulrich-wegst.de\/wp-content\/uploads\/2020\/12\/Ulrich-Wegst-1-small-Bildrechte-1-300x199.jpg 300w, https:\/\/ulrich-wegst.de\/wp-content\/uploads\/2020\/12\/Ulrich-Wegst-1-small-Bildrechte-1-1024x679.jpg 1024w, https:\/\/ulrich-wegst.de\/wp-content\/uploads\/2020\/12\/Ulrich-Wegst-1-small-Bildrechte-1-768x509.jpg 768w, https:\/\/ulrich-wegst.de\/wp-content\/uploads\/2020\/12\/Ulrich-Wegst-1-small-Bildrechte-1-1536x1019.jpg 1536w, https:\/\/ulrich-wegst.de\/wp-content\/uploads\/2020\/12\/Ulrich-Wegst-1-small-Bildrechte-1.jpg 1772w\" sizes=\"(max-width: 300px) 100vw, 300px\" \/>\t\t\t\t\t\t\t\t\t\t\t<figcaption class=\"widget-image-caption wp-caption-text\"><\/figcaption>\n\t\t\t\t\t\t\t\t\t\t<\/figure>\n\t\t\t\t\t\t\t\t\t<\/div>\n\t\t\t\t<\/div>\n\t\t\t\t<div class=\"elementor-element elementor-element-04f7c9d elementor-align-center elementor-widget elementor-widget-button\" data-id=\"04f7c9d\" data-element_type=\"widget\" data-widget_type=\"button.default\">\n\t\t\t\t<div class=\"elementor-widget-container\">\n\t\t\t\t\t<div class=\"elementor-button-wrapper\">\n\t\t\t<a class=\"elementor-button elementor-button-link elementor-size-sm\" href=\"https:\/\/ulrich-wegst.de?download=366\/\">\n\t\t\t\t\t\t<span class=\"elementor-button-content-wrapper\">\n\t\t\t\t\t\t<span class=\"elementor-button-text\">Download Bild 1<\/span>\n\t\t<\/span>\n\t\t\t\t\t<\/a>\n\t\t<\/div>\n\t\t\t\t<\/div>\n\t\t\t\t<\/div>\n\t\t\t\t\t<\/div>\n\t\t<\/div>\n\t\t\t\t<div class=\"elementor-column elementor-col-100 elementor-top-column elementor-element elementor-element-e20447c\" data-id=\"e20447c\" data-element_type=\"column\">\n\t\t\t<div class=\"elementor-widget-wrap elementor-element-populated\">\n\t\t\t\t\t\t\t\t<div class=\"elementor-element elementor-element-d3d25f1 elementor-widget elementor-widget-image\" data-id=\"d3d25f1\" data-element_type=\"widget\" data-widget_type=\"image.default\">\n\t\t\t\t<div class=\"elementor-widget-container\">\n\t\t\t\t\t\t\t\t\t\t\t\t<figure class=\"wp-caption\">\n\t\t\t\t\t\t\t\t\t\t<img decoding=\"async\" loading=\"lazy\" width=\"300\" height=\"199\" src=\"https:\/\/ulrich-wegst.de\/wp-content\/uploads\/2020\/12\/Ulrich-Wegst-2-small-Bildrechte-1-300x199.jpg\" class=\"attachment-medium size-medium wp-image-446\" alt=\"Pressefoto Ulrich Wegst\" srcset=\"https:\/\/ulrich-wegst.de\/wp-content\/uploads\/2020\/12\/Ulrich-Wegst-2-small-Bildrechte-1-300x199.jpg 300w, https:\/\/ulrich-wegst.de\/wp-content\/uploads\/2020\/12\/Ulrich-Wegst-2-small-Bildrechte-1-1024x680.jpg 1024w, https:\/\/ulrich-wegst.de\/wp-content\/uploads\/2020\/12\/Ulrich-Wegst-2-small-Bildrechte-1-768x510.jpg 768w, https:\/\/ulrich-wegst.de\/wp-content\/uploads\/2020\/12\/Ulrich-Wegst-2-small-Bildrechte-1-1536x1019.jpg 1536w, https:\/\/ulrich-wegst.de\/wp-content\/uploads\/2020\/12\/Ulrich-Wegst-2-small-Bildrechte-1.jpg 1754w\" sizes=\"(max-width: 300px) 100vw, 300px\" \/>\t\t\t\t\t\t\t\t\t\t\t<figcaption class=\"widget-image-caption wp-caption-text\"><\/figcaption>\n\t\t\t\t\t\t\t\t\t\t<\/figure>\n\t\t\t\t\t\t\t\t\t<\/div>\n\t\t\t\t<\/div>\n\t\t\t\t<div class=\"elementor-element elementor-element-9f86ea8 elementor-align-center elementor-widget elementor-widget-button\" data-id=\"9f86ea8\" data-element_type=\"widget\" data-widget_type=\"button.default\">\n\t\t\t\t<div class=\"elementor-widget-container\">\n\t\t\t\t\t<div class=\"elementor-button-wrapper\">\n\t\t\t<a class=\"elementor-button elementor-button-link elementor-size-sm\" href=\"https:\/\/ulrich-wegst.de?download=357\">\n\t\t\t\t\t\t<span class=\"elementor-button-content-wrapper\">\n\t\t\t\t\t\t<span class=\"elementor-button-text\">Download Bild 2<\/span>\n\t\t<\/span>\n\t\t\t\t\t<\/a>\n\t\t<\/div>\n\t\t\t\t<\/div>\n\t\t\t\t<\/div>\n\t\t\t\t\t<\/div>\n\t\t<\/div>\n\t\t\t\t\t\t\t<\/div>\n\t\t<\/section>\n\t\t\t\t<section class=\"elementor-section elementor-top-section elementor-element elementor-element-5e26d62 pressBuildSection elementor-section-boxed elementor-section-height-default elementor-section-height-default\" data-id=\"5e26d62\" data-element_type=\"section\">\n\t\t\t\t\t\t<div class=\"elementor-container elementor-column-gap-default\">\n\t\t\t\t\t<div class=\"elementor-column elementor-col-100 elementor-top-column elementor-element elementor-element-c43d624\" data-id=\"c43d624\" data-element_type=\"column\">\n\t\t\t<div class=\"elementor-widget-wrap elementor-element-populated\">\n\t\t\t\t\t\t\t\t<div class=\"elementor-element elementor-element-b591d22 elementor-widget elementor-widget-image\" data-id=\"b591d22\" data-element_type=\"widget\" data-widget_type=\"image.default\">\n\t\t\t\t<div class=\"elementor-widget-container\">\n\t\t\t\t\t\t\t\t\t\t\t\t<figure class=\"wp-caption\">\n\t\t\t\t\t\t\t\t\t\t<img decoding=\"async\" loading=\"lazy\" width=\"300\" height=\"200\" src=\"https:\/\/ulrich-wegst.de\/wp-content\/uploads\/2020\/12\/Ulrich-Wegst-3-small-Bildrechte-300x200.jpg\" class=\"attachment-medium size-medium wp-image-450\" alt=\"Pressefoto Ulrich Wegst\" srcset=\"https:\/\/ulrich-wegst.de\/wp-content\/uploads\/2020\/12\/Ulrich-Wegst-3-small-Bildrechte-300x200.jpg 300w, https:\/\/ulrich-wegst.de\/wp-content\/uploads\/2020\/12\/Ulrich-Wegst-3-small-Bildrechte-1024x682.jpg 1024w, https:\/\/ulrich-wegst.de\/wp-content\/uploads\/2020\/12\/Ulrich-Wegst-3-small-Bildrechte-768x512.jpg 768w, https:\/\/ulrich-wegst.de\/wp-content\/uploads\/2020\/12\/Ulrich-Wegst-3-small-Bildrechte-1536x1024.jpg 1536w, https:\/\/ulrich-wegst.de\/wp-content\/uploads\/2020\/12\/Ulrich-Wegst-3-small-Bildrechte.jpg 1772w\" sizes=\"(max-width: 300px) 100vw, 300px\" \/>\t\t\t\t\t\t\t\t\t\t\t<figcaption class=\"widget-image-caption wp-caption-text\"><\/figcaption>\n\t\t\t\t\t\t\t\t\t\t<\/figure>\n\t\t\t\t\t\t\t\t\t<\/div>\n\t\t\t\t<\/div>\n\t\t\t\t<div class=\"elementor-element elementor-element-095fd3d elementor-align-center elementor-widget elementor-widget-button\" data-id=\"095fd3d\" data-element_type=\"widget\" data-widget_type=\"button.default\">\n\t\t\t\t<div class=\"elementor-widget-container\">\n\t\t\t\t\t<div class=\"elementor-button-wrapper\">\n\t\t\t<a class=\"elementor-button elementor-button-link elementor-size-sm\" href=\"https:\/\/ulrich-wegst.de?download=351\">\n\t\t\t\t\t\t<span class=\"elementor-button-content-wrapper\">\n\t\t\t\t\t\t<span class=\"elementor-button-text\">Download Bild 3<\/span>\n\t\t<\/span>\n\t\t\t\t\t<\/a>\n\t\t<\/div>\n\t\t\t\t<\/div>\n\t\t\t\t<\/div>\n\t\t\t\t\t<\/div>\n\t\t<\/div>\n\t\t\t\t<div class=\"elementor-column elementor-col-100 elementor-top-column elementor-element elementor-element-6154ba3\" data-id=\"6154ba3\" data-element_type=\"column\">\n\t\t\t<div class=\"elementor-widget-wrap elementor-element-populated\">\n\t\t\t\t\t\t\t\t<div class=\"elementor-element elementor-element-bd5b514 elementor-widget elementor-widget-image\" data-id=\"bd5b514\" data-element_type=\"widget\" data-widget_type=\"image.default\">\n\t\t\t\t<div class=\"elementor-widget-container\">\n\t\t\t\t\t\t\t\t\t\t\t\t<figure class=\"wp-caption\">\n\t\t\t\t\t\t\t\t\t\t<img decoding=\"async\" loading=\"lazy\" width=\"300\" height=\"200\" src=\"https:\/\/ulrich-wegst.de\/wp-content\/uploads\/2020\/12\/Ulrich-Wegst-4-small-Bildrechte-300x200.jpg\" class=\"attachment-medium size-medium wp-image-454\" alt=\"Pressefoto Ulrich Wegst\" srcset=\"https:\/\/ulrich-wegst.de\/wp-content\/uploads\/2020\/12\/Ulrich-Wegst-4-small-Bildrechte-300x200.jpg 300w, https:\/\/ulrich-wegst.de\/wp-content\/uploads\/2020\/12\/Ulrich-Wegst-4-small-Bildrechte-1024x682.jpg 1024w, https:\/\/ulrich-wegst.de\/wp-content\/uploads\/2020\/12\/Ulrich-Wegst-4-small-Bildrechte-768x512.jpg 768w, https:\/\/ulrich-wegst.de\/wp-content\/uploads\/2020\/12\/Ulrich-Wegst-4-small-Bildrechte-1536x1024.jpg 1536w, https:\/\/ulrich-wegst.de\/wp-content\/uploads\/2020\/12\/Ulrich-Wegst-4-small-Bildrechte.jpg 1772w\" sizes=\"(max-width: 300px) 100vw, 300px\" \/>\t\t\t\t\t\t\t\t\t\t\t<figcaption class=\"widget-image-caption wp-caption-text\"><\/figcaption>\n\t\t\t\t\t\t\t\t\t\t<\/figure>\n\t\t\t\t\t\t\t\t\t<\/div>\n\t\t\t\t<\/div>\n\t\t\t\t<div class=\"elementor-element elementor-element-2a1ae78 elementor-align-center elementor-widget elementor-widget-button\" data-id=\"2a1ae78\" data-element_type=\"widget\" data-widget_type=\"button.default\">\n\t\t\t\t<div class=\"elementor-widget-container\">\n\t\t\t\t\t<div class=\"elementor-button-wrapper\">\n\t\t\t<a class=\"elementor-button elementor-button-link elementor-size-sm\" href=\"https:\/\/ulrich-wegst.de?download=345\">\n\t\t\t\t\t\t<span class=\"elementor-button-content-wrapper\">\n\t\t\t\t\t\t<span class=\"elementor-button-text\">Download Bild 4<\/span>\n\t\t<\/span>\n\t\t\t\t\t<\/a>\n\t\t<\/div>\n\t\t\t\t<\/div>\n\t\t\t\t<\/div>\n\t\t\t\t\t<\/div>\n\t\t<\/div>\n\t\t\t\t\t\t\t<\/div>\n\t\t<\/section>\n\t\t\t\t\t\t\t<\/div>\n\t\t","protected":false},"excerpt":{"rendered":"<p>Pressebilder Auf dieser Seite k\u00f6nnen hochaufl\u00f6sende Bilder von Ulrich Wegst heruntergeladen werden. Die Aufnahmen k\u00f6nnen unter Angabe der Quelle verwendet werden. Download Bild 1 Download Bild 2 Download Bild 3 Download Bild 4<\/p>\n","protected":false},"author":1,"featured_media":0,"parent":0,"menu_order":60,"comment_status":"closed","ping_status":"closed","template":"","meta":{"footnotes":"","twitterCardType":"","cardImageID":0,"cardImage":"","cardTitle":"","cardDesc":"","cardImageAlt":"","cardPlayer":"","cardPlayerWidth":0,"cardPlayerHeight":0,"cardPlayerStream":"","cardPlayerCodec":""},"yoast_head":"<!-- This site is optimized with the Yoast SEO plugin v22.6 - https:\/\/yoast.com\/wordpress\/plugins\/seo\/ -->\n<title>Pressebilder -<\/title>\n<meta name=\"robots\" content=\"index, follow, max-snippet:-1, max-image-preview:large, max-video-preview:-1\" \/>\n<link rel=\"canonical\" href=\"https:\/\/ulrich-wegst.de\/?page_id=181\" \/>\n<meta property=\"og:locale\" content=\"de_DE\" \/>\n<meta property=\"og:type\" content=\"article\" \/>\n<meta property=\"og:title\" content=\"Pressebilder -\" \/>\n<meta property=\"og:description\" content=\"Pressebilder Auf dieser Seite k\u00f6nnen hochaufl\u00f6sende Bilder von Ulrich Wegst heruntergeladen werden. Die Aufnahmen k\u00f6nnen unter Angabe der Quelle verwendet werden. Download Bild 1 Download Bild 2 Download Bild 3 Download Bild 4\" \/>\n<meta property=\"og:url\" content=\"https:\/\/ulrich-wegst.de\/?page_id=181\" \/>\n<meta property=\"article:modified_time\" content=\"2021-12-04T12:10:04+00:00\" \/>\n<meta property=\"og:image\" content=\"https:\/\/ulrich-wegst.de\/wp-content\/uploads\/2020\/12\/Ulrich-Wegst-1-small-Bildrechte-1-300x199.jpg\" \/>\n<meta name=\"twitter:card\" content=\"summary_large_image\" \/>\n<meta name=\"twitter:label1\" content=\"Gesch\u00e4tzte Lesezeit\" \/>\n\t<meta name=\"twitter:data1\" content=\"1\u00a0Minute\" \/>\n<script type=\"application\/ld+json\" class=\"yoast-schema-graph\">{\"@context\":\"https:\/\/schema.org\",\"@graph\":[{\"@type\":\"WebPage\",\"@id\":\"https:\/\/ulrich-wegst.de\/?page_id=181\",\"url\":\"https:\/\/ulrich-wegst.de\/?page_id=181\",\"name\":\"Pressebilder -\",\"isPartOf\":{\"@id\":\"https:\/\/ulrich-wegst.de\/#website\"},\"primaryImageOfPage\":{\"@id\":\"https:\/\/ulrich-wegst.de\/?page_id=181#primaryimage\"},\"image\":{\"@id\":\"https:\/\/ulrich-wegst.de\/?page_id=181#primaryimage\"},\"thumbnailUrl\":\"https:\/\/ulrich-wegst.de\/wp-content\/uploads\/2020\/12\/Ulrich-Wegst-1-small-Bildrechte-1-300x199.jpg\",\"datePublished\":\"2020-10-31T16:31:54+00:00\",\"dateModified\":\"2021-12-04T12:10:04+00:00\",\"breadcrumb\":{\"@id\":\"https:\/\/ulrich-wegst.de\/?page_id=181#breadcrumb\"},\"inLanguage\":\"de\",\"potentialAction\":[{\"@type\":\"ReadAction\",\"target\":[\"https:\/\/ulrich-wegst.de\/?page_id=181\"]}]},{\"@type\":\"ImageObject\",\"inLanguage\":\"de\",\"@id\":\"https:\/\/ulrich-wegst.de\/?page_id=181#primaryimage\",\"url\":\"https:\/\/ulrich-wegst.de\/wp-content\/uploads\/2020\/12\/Ulrich-Wegst-1-small-Bildrechte-1.jpg\",\"contentUrl\":\"https:\/\/ulrich-wegst.de\/wp-content\/uploads\/2020\/12\/Ulrich-Wegst-1-small-Bildrechte-1.jpg\",\"width\":1772,\"height\":1175},{\"@type\":\"BreadcrumbList\",\"@id\":\"https:\/\/ulrich-wegst.de\/?page_id=181#breadcrumb\",\"itemListElement\":[{\"@type\":\"ListItem\",\"position\":1,\"name\":\"Startseite\",\"item\":\"https:\/\/ulrich-wegst.de\/\"},{\"@type\":\"ListItem\",\"position\":2,\"name\":\"Pressebilder\"}]},{\"@type\":\"WebSite\",\"@id\":\"https:\/\/ulrich-wegst.de\/#website\",\"url\":\"https:\/\/ulrich-wegst.de\/\",\"name\":\"\",\"description\":\"\",\"potentialAction\":[{\"@type\":\"SearchAction\",\"target\":{\"@type\":\"EntryPoint\",\"urlTemplate\":\"https:\/\/ulrich-wegst.de\/?s={search_term_string}\"},\"query-input\":\"required name=search_term_string\"}],\"inLanguage\":\"de\"}]}<\/script>\n<!-- \/ Yoast SEO plugin. -->","yoast_head_json":{"title":"Pressebilder -","robots":{"index":"index","follow":"follow","max-snippet":"max-snippet:-1","max-image-preview":"max-image-preview:large","max-video-preview":"max-video-preview:-1"},"canonical":"https:\/\/ulrich-wegst.de\/?page_id=181","og_locale":"de_DE","og_type":"article","og_title":"Pressebilder -","og_description":"Pressebilder Auf dieser Seite k\u00f6nnen hochaufl\u00f6sende Bilder von Ulrich Wegst heruntergeladen werden. Die Aufnahmen k\u00f6nnen unter Angabe der Quelle verwendet werden. Download Bild 1 Download Bild 2 Download Bild 3 Download Bild 4","og_url":"https:\/\/ulrich-wegst.de\/?page_id=181","article_modified_time":"2021-12-04T12:10:04+00:00","og_image":[{"url":"https:\/\/ulrich-wegst.de\/wp-content\/uploads\/2020\/12\/Ulrich-Wegst-1-small-Bildrechte-1-300x199.jpg"}],"twitter_card":"summary_large_image","twitter_misc":{"Gesch\u00e4tzte Lesezeit":"1\u00a0Minute"},"schema":{"@context":"https:\/\/schema.org","@graph":[{"@type":"WebPage","@id":"https:\/\/ulrich-wegst.de\/?page_id=181","url":"https:\/\/ulrich-wegst.de\/?page_id=181","name":"Pressebilder -","isPartOf":{"@id":"https:\/\/ulrich-wegst.de\/#website"},"primaryImageOfPage":{"@id":"https:\/\/ulrich-wegst.de\/?page_id=181#primaryimage"},"image":{"@id":"https:\/\/ulrich-wegst.de\/?page_id=181#primaryimage"},"thumbnailUrl":"https:\/\/ulrich-wegst.de\/wp-content\/uploads\/2020\/12\/Ulrich-Wegst-1-small-Bildrechte-1-300x199.jpg","datePublished":"2020-10-31T16:31:54+00:00","dateModified":"2021-12-04T12:10:04+00:00","breadcrumb":{"@id":"https:\/\/ulrich-wegst.de\/?page_id=181#breadcrumb"},"inLanguage":"de","potentialAction":[{"@type":"ReadAction","target":["https:\/\/ulrich-wegst.de\/?page_id=181"]}]},{"@type":"ImageObject","inLanguage":"de","@id":"https:\/\/ulrich-wegst.de\/?page_id=181#primaryimage","url":"https:\/\/ulrich-wegst.de\/wp-content\/uploads\/2020\/12\/Ulrich-Wegst-1-small-Bildrechte-1.jpg","contentUrl":"https:\/\/ulrich-wegst.de\/wp-content\/uploads\/2020\/12\/Ulrich-Wegst-1-small-Bildrechte-1.jpg","width":1772,"height":1175},{"@type":"BreadcrumbList","@id":"https:\/\/ulrich-wegst.de\/?page_id=181#breadcrumb","itemListElement":[{"@type":"ListItem","position":1,"name":"Startseite","item":"https:\/\/ulrich-wegst.de\/"},{"@type":"ListItem","position":2,"name":"Pressebilder"}]},{"@type":"WebSite","@id":"https:\/\/ulrich-wegst.de\/#website","url":"https:\/\/ulrich-wegst.de\/","name":"","description":"","potentialAction":[{"@type":"SearchAction","target":{"@type":"EntryPoint","urlTemplate":"https:\/\/ulrich-wegst.de\/?s={search_term_string}"},"query-input":"required name=search_term_string"}],"inLanguage":"de"}]}},"_links":{"self":[{"href":"https:\/\/ulrich-wegst.de\/index.php?rest_route=\/wp\/v2\/pages\/181"}],"collection":[{"href":"https:\/\/ulrich-wegst.de\/index.php?rest_route=\/wp\/v2\/pages"}],"about":[{"href":"https:\/\/ulrich-wegst.de\/index.php?rest_route=\/wp\/v2\/types\/page"}],"author":[{"embeddable":true,"href":"https:\/\/ulrich-wegst.de\/index.php?rest_route=\/wp\/v2\/users\/1"}],"replies":[{"embeddable":true,"href":"https:\/\/ulrich-wegst.de\/index.php?rest_route=%2Fwp%2Fv2%2Fcomments&post=181"}],"version-history":[{"count":116,"href":"https:\/\/ulrich-wegst.de\/index.php?rest_route=\/wp\/v2\/pages\/181\/revisions"}],"predecessor-version":[{"id":1734,"href":"https:\/\/ulrich-wegst.de\/index.php?rest_route=\/wp\/v2\/pages\/181\/revisions\/1734"}],"wp:attachment":[{"href":"https:\/\/ulrich-wegst.de\/index.php?rest_route=%2Fwp%2Fv2%2Fmedia&parent=181"}],"curies":[{"name":"wp","href":"https:\/\/api.w.org\/{rel}","templated":true}]}}