{"id":1824,"date":"2020-07-05T13:09:44","date_gmt":"2020-07-05T13:09:44","guid":{"rendered":"https:\/\/ulrich-wegst.de\/?page_id=1824"},"modified":"2022-01-22T16:13:49","modified_gmt":"2022-01-22T16:13:49","slug":"textauszuege-weniger-bis-zum-abwinken-2","status":"publish","type":"page","link":"https:\/\/ulrich-wegst.de\/?page_id=1824","title":{"rendered":"Meinungsseite"},"content":{"rendered":"\t\t<div data-elementor-type=\"wp-page\" data-elementor-id=\"1824\" class=\"elementor elementor-1824\">\n\t\t\t\t\t\t\t\t\t<section class=\"elementor-section elementor-top-section elementor-element elementor-element-10e598a elementor-section-boxed elementor-section-height-default elementor-section-height-default\" data-id=\"10e598a\" data-element_type=\"section\">\n\t\t\t\t\t\t<div class=\"elementor-container elementor-column-gap-default\">\n\t\t\t\t\t<div class=\"elementor-column elementor-col-100 elementor-top-column elementor-element elementor-element-49df79a\" data-id=\"49df79a\" data-element_type=\"column\">\n\t\t\t<div class=\"elementor-widget-wrap elementor-element-populated\">\n\t\t\t\t\t\t\t\t<div class=\"elementor-element elementor-element-371696e elementor-widget elementor-widget-text-editor\" data-id=\"371696e\" data-element_type=\"widget\" data-widget_type=\"text-editor.default\">\n\t\t\t\t<div class=\"elementor-widget-container\">\n\t\t\t\t\t\t\t<p>Meinungsseite<\/p>\t\t\t\t\t\t<\/div>\n\t\t\t\t<\/div>\n\t\t\t\t\t<\/div>\n\t\t<\/div>\n\t\t\t\t\t\t\t<\/div>\n\t\t<\/section>\n\t\t\t\t<section class=\"elementor-section elementor-top-section elementor-element elementor-element-0f4dbca elementor-section-boxed elementor-section-height-default elementor-section-height-default\" data-id=\"0f4dbca\" data-element_type=\"section\">\n\t\t\t\t\t\t<div class=\"elementor-container elementor-column-gap-default\">\n\t\t\t\t\t<div class=\"elementor-column elementor-col-100 elementor-top-column elementor-element elementor-element-ddd0d2c\" data-id=\"ddd0d2c\" data-element_type=\"column\">\n\t\t\t<div class=\"elementor-widget-wrap elementor-element-populated\">\n\t\t\t\t\t\t\t\t<div class=\"elementor-element elementor-element-8fff9eb elementor-widget elementor-widget-text-editor\" data-id=\"8fff9eb\" data-element_type=\"widget\" data-widget_type=\"text-editor.default\">\n\t\t\t\t<div class=\"elementor-widget-container\">\n\t\t\t\t\t\t\t<p>Twitter, sch\u00f6n und gut, aber manchmal braucht es eben mehr als 280 Zeichen um sich zu einem Thema zu \u00e4u\u00dfern. Deshalb gibt es hier immer wieder mal Kommentare von mir zum Zeitgeschehen. Ein neuer Kommentar wird dann immer auf meinem Twitter-Kanal @UlrichWegst angek\u00fcndigt.<\/p>\t\t\t\t\t\t<\/div>\n\t\t\t\t<\/div>\n\t\t\t\t\t<\/div>\n\t\t<\/div>\n\t\t\t\t\t\t\t<\/div>\n\t\t<\/section>\n\t\t\t\t<section class=\"elementor-section elementor-top-section elementor-element elementor-element-a6c02ef elementor-section-boxed elementor-section-height-default elementor-section-height-default\" data-id=\"a6c02ef\" data-element_type=\"section\">\n\t\t\t\t\t\t<div class=\"elementor-container elementor-column-gap-default\">\n\t\t\t\t\t<div class=\"elementor-column elementor-col-100 elementor-top-column elementor-element elementor-element-ad6b8ff\" data-id=\"ad6b8ff\" data-element_type=\"column\">\n\t\t\t<div class=\"elementor-widget-wrap elementor-element-populated\">\n\t\t\t\t\t\t\t\t<div class=\"elementor-element elementor-element-7b3bd05 elementor-widget elementor-widget-spacer\" data-id=\"7b3bd05\" data-element_type=\"widget\" data-widget_type=\"spacer.default\">\n\t\t\t\t<div class=\"elementor-widget-container\">\n\t\t\t\t\t<div class=\"elementor-spacer\">\n\t\t\t<div class=\"elementor-spacer-inner\"><\/div>\n\t\t<\/div>\n\t\t\t\t<\/div>\n\t\t\t\t<\/div>\n\t\t\t\t\t<\/div>\n\t\t<\/div>\n\t\t\t\t\t\t\t<\/div>\n\t\t<\/section>\n\t\t\t\t<section class=\"elementor-section elementor-top-section elementor-element elementor-element-f332611 elementor-section-boxed elementor-section-height-default elementor-section-height-default\" data-id=\"f332611\" data-element_type=\"section\">\n\t\t\t\t\t\t<div class=\"elementor-container elementor-column-gap-default\">\n\t\t\t\t\t<div class=\"elementor-column elementor-col-100 elementor-top-column elementor-element elementor-element-8bd2817\" data-id=\"8bd2817\" data-element_type=\"column\">\n\t\t\t<div class=\"elementor-widget-wrap elementor-element-populated\">\n\t\t\t\t\t\t\t\t<div class=\"elementor-element elementor-element-25f5579 elementor-widget elementor-widget-text-editor\" data-id=\"25f5579\" data-element_type=\"widget\" data-widget_type=\"text-editor.default\">\n\t\t\t\t<div class=\"elementor-widget-container\">\n\t\t\t\t\t\t\t<p><span style=\"color: #000000;\"><strong>Die Lehre von M\u00fcnchen<\/strong><\/span><\/p><p><span style=\"color: #000000;\">Er wurde nie erkl\u00e4rt und tobt doch bereits seit Jahrhunderten: der Weltkrieg zwischen Demokratie und Diktatur. All die vermeintlich kleinen und lokalen Konflikte summieren sich zu dem einen, dass die diktatorische Internationale stets danach trachtet ihr politisches, milit\u00e4risches und geopolitisches Territorium auszuweiten. Taiwan ist daf\u00fcr ein Beispiel: seit Jahrzehnten wird der demokratische Staat milit\u00e4risch bedroht durch das kommunistische Regime auf dem Festland. Man kann und will nicht dulden, dass direkt vor der eigenen K\u00fcste eine demokratische Alternative existiert.<a style=\"color: #000000;\" href=\"#_ftn1\" name=\"_ftnref1\">[1]<\/a> Immerhin legitimiert sich die KP auch dadurch, dass sie ihre Art der Herrschaft als die einzig f\u00fcr China funktionsf\u00e4hige darstellt.<\/span><\/p><p><span style=\"color: #000000;\">Russland geht es mit der Ukraine nicht viel anders. Das zeigt, dass die Auseinandersetzung nicht lautet: West gegen Ost, wie in Moskau gebetsm\u00fchlenartig behauptet wird. Die Auseinandersetzung lautet: Diktatur gegen Demokratie. Das erkl\u00e4rt auch die permanente Aggression der russischen F\u00fchrung gegen die Demokratien diesseits und jenseits des Atlantik. Cyberangriffe<a style=\"color: #000000;\" href=\"#_ftn2\" name=\"_ftnref2\">[2]<\/a>, versuchte Wahlmanipulation<a style=\"color: #000000;\" href=\"#_ftn3\" name=\"_ftnref3\">[3]<\/a> und sogar Mord<a style=\"color: #000000;\" href=\"#_ftn4\" name=\"_ftnref4\">[4]<\/a>, das ganze Arsenal wird da eingesetzt. Und jetzt auch noch der Truppenaufmarsch gegen die Ukraine.<\/span><\/p><p><span style=\"color: #000000;\">Die demokratischen Staaten wirken angesichts einer so unverbl\u00fcmten, rohen Aggression reichlich \u00fcberrumpelt. Insbesondere die europ\u00e4ischen Wohlstandskinder kommen so gar nicht zurecht mit dem Schulhofschl\u00e4ger aus dem Osten. Traurig aber wahr: eine Band wie Pussy Riot hat offensichtlich mehr Mumm in den Knochen, wenn es gilt, Kante gegen Putin zu zeigen, als die Regierungen der Demokratien. Das war auch schon sichtbar bei der Annexion der Krim. Wem das alles jetzt ziemlich bekannt vorkommt, ohne genau zu wissen woher, dem kann geholfen werden: die aktuelle Krise und ihre gesamte Vorgeschichte zeigt deutliche Parallelen zu der Situation vor dem M\u00fcnchner Abkommen von 1938. Damals wie heute war da eine Politiker, der nach einer endlosen Reihe von Provokationen und Aggressionen eines gelernt hatte: die verweichlichten Demokratien f\u00fchlen sich nicht wohl im Ring, also meiden sie ihn*. Je h\u00f6her Du ins Risiko gehst und je aggressiver Du auftrittst, desto mehr zucken sie zur\u00fcck.<\/span><\/p><p><span style=\"color: #000000;\">Hitler hatte das gelernt, als er im M\u00e4rz 1935 den Versailler Vertrag mit der Einf\u00fchrung der allgemeinen Wehrpflicht gebrochen hatte. Wie reagierten die Demokratien? Gro\u00dfbritannien und Frankreich verabschiedeten zusammen mit Italien eine Resolution und bildeten ein kurzlebiges Zweckb\u00fcndnis (die sogenannte \u201eStresafront\u201c)<a style=\"color: #000000;\" href=\"#_ftn5\" name=\"_ftnref5\">[5]<\/a>. Das war`s. Ziemlich genau ein Jahr sp\u00e4ter steigerte er seinen Einsatz und schickte die Wehrmacht los um das Rheinland zu besetzen. Das war nach den Regelungen von Versailles eigentlich eine entmilitarisierte Zone. Der F\u00fchrer spielte va banque, denn h\u00e4tte Frankreich milit\u00e4risch reagiert, w\u00e4re Deutschland unterlegen. Die Wehrmacht war zu diesem Zeitpunkt der franz\u00f6sischen Armee noch nicht gewachsen. Entsprechend nerv\u00f6s war Hitler. Verb\u00fcrgt ist folgendes Zitat von ihm: \u201eW\u00e4ren die Franzosen damals ins Rheinland einger\u00fcckt, h\u00e4tten wir uns mit Schimpf und Schande wieder zur\u00fcckziehen m\u00fcssen, denn die milit\u00e4rischen Kr\u00e4fte, \u00fcber die wir verf\u00fcgten, h\u00e4tten keineswegs auch nur zu einem m\u00e4\u00dfigen Widerstand ausgereicht.\u201c<a style=\"color: #000000;\" href=\"#_ftn6\" name=\"_ftnref6\">[6]<\/a> Gekommen ist es, wie man wei\u00df, anders: Frankreich und Gro\u00dfbritannien haben nicht reagiert, Hitlers Aggression hatte sich wieder einmal ausgezahlt. Kein Wunder, dass er sich ermutigt f\u00fchlte 1938 aufs n\u00e4chste Level zu gehen. Ziel war diesmal das Sudetenland, die Tschechoslowakei an sich. Die sogenannte Sudetenkrise wurde mit endlosen Provokationen von Seiten Deutschlands angeheizt. Die Demokratien, allen voran Gro\u00dfbritannien, zogen aus der nun sichtbaren Kette: Wehrpflicht, Rheinland, Sudetenland aber nicht den Schluss, dass Hitler an ihrer Nachgiebigkeit wuchs. Bizarrerweise taten sie genau das Gegenteil: sie schienen darin den Beleg zu sehen, dass ihre Befriedungspolitik funktioniere. Deshalb wurde sie im M\u00fcnchner Abkommen von 1938 nahtlos fortgesetzt und das Sudetenland Hitler auf dem Silbertablett \u00fcberreicht<a style=\"color: #000000;\" href=\"#_ftn7\" name=\"_ftnref7\">[7]<\/a>. Das Konzept dahinter nannte sich \u201eAppeasement-Politik\u201c, also eine Politik der Beschwichtigung. Die Demokratien haben damit 1938 einen Krieg verhindert aber nur um den Preis eines viel schlimmeren und gr\u00f6\u00dferen, der ziemlich genau ein Jahr sp\u00e4ter ausbrach.<\/span><\/p><p><span style=\"color: #000000;\">Sprung in die Gegenwart. 2013 erkl\u00e4rt US-Pr\u00e4sident Obama den Einsatz von Chemiewaffen in Syrien zu einer roten Linie. Auch der franz\u00f6sische Pr\u00e4sident \u00e4u\u00dfert sich in diesem Sinne. Er droht sogar offen mit einer milit\u00e4rischen Reaktion. Das von Russland protegierte syrische Regime setzt dennoch unger\u00fchrt Chemiewaffen ein und jegliche milit\u00e4rische Reaktion der Demokratien bleibt aus. Der russische Pr\u00e4sident Wladimir Putin nimmt es aufmerksam zur Kenntnis. Im Jahr darauf tut er etwas, das im Nachkriegs-Europa noch nicht dagewesen ist: er annektiert Territorium eines anderen Staates. Die ukrainische Halbinsel Krim ist fortan russisches Gebiet. Die Demokratien reagieren plangem\u00e4\u00df: sie verhandeln und nehmen es hin. Aggression zahlt sich aus, auch im Europa des 21. Jahrhunderts. Die Folge: Putin erh\u00f6ht den Einsatz und l\u00e4sst um den Jahreswechsel 2021\/2022 eine Invasionsarmee an der Grenze zur Ukraine aufmarschieren. Wir erkennen wieder eine Kette: Syrien, Krim, Ukraine. Man muss im Geschichtsunterricht wirklich ganz hinten gesessen haben um da keine Parallelen zu \u00b438 zu sehen.<\/span><\/p><p><span style=\"color: #000000;\">Die Lehre daraus w\u00e4re jetzt: man muss Putin mit entschiedener Gegenwehr drohen. Dazu geh\u00f6ren auf jeden Fall harte wirtschaftliche Sanktionen aber auch, als Ultima Ratio, der Einsatz des Milit\u00e4rs. Man muss ihm klarmachen, dass ein Angriff auf den demokratischen Staat Ukraine als Angriff auf alle Demokratien gewertet wird. Denn das w\u00e4re er ja auch. Stattdessen wird allenthalben in den Hauptst\u00e4dten der Demokratien von vorneherein jede milit\u00e4rische Gegenaktion ausgeschlossen<a style=\"color: #000000;\" href=\"#_ftn8\" name=\"_ftnref8\">[8]<\/a>. Mehr noch: selbst massive Wirtschaftssanktionen im Falle eines Angriffes werden von f\u00fchrenden PolitikerInnen abgelehnt. So beispielsweise der Ausschluss Russlands aus dem Swift-System, das den grenz\u00fcbergreifenden Geldverkehr zwischen Banken organisiert. Friedrich Merz hat davor gewarnt, zu diesem Instrument zu greifen.<a style=\"color: #000000;\" href=\"#_ftn9\" name=\"_ftnref9\">[9]<\/a> Ja zu welchem denn dann? Eine Protestresolution verfassen, w\u00e4hrend in der Ukraine nicht nur die Leute sterben, sondern auch die Demokratie? Nat\u00fcrlich kann man einen Krieg jetzt verhindern, indem man Putin die Ukraine einfach zur Beute \u00fcberl\u00e4sst. Dann ist aber der Weg in den viel gr\u00f6\u00dferen Krieg nicht mehr weit. Litauen, Estland, Lettland, Polen, sie alle geh\u00f6rten fr\u00fcher zum Einflussgebiet der Sowjetunion, welcher Putin ganz offen hinterhertrauert<a style=\"color: #000000;\" href=\"#_ftn10\" name=\"_ftnref10\">[10]<\/a>. Warum also sollte er sich mit der Ukraine begn\u00fcgen, wenn er doch dort gelernt hat, dass man auch heute noch in Europa ungestraft fremde L\u00e4nder okkupieren kann? Litauen, Estland, Lettland, Polen, werden manche sagen, das ist doch undenkbar. Nun ja, das hat man in Bezug auf die Krim auch gedacht. Wir sollten aufh\u00f6ren zu denken, dass irgendetwas undenkbar ist.<\/span><\/p><p>22.01.2022<\/p><p><span style=\"color: #000000;\">* Disclaimer: nat\u00fcrlich soll hier Wladimir Putin nicht mit Hitler verglichen werden. Sein Land hat gro\u00dfe Opfer im Kampf gegen den Faschismus gebracht. Aber die historischen und psychologischen Mechanismen die kann und darf man vergleichen.<\/span><\/p><p><a href=\"#_ftnref1\" name=\"_ftn1\">[1]<\/a> Dieser Gedanke findet sich in dem Buch \u201eDer rote Apparat\u201c von Richard Mcgregor, Verlag Matthes &amp; Seitz, Berlin<\/p><p><a href=\"#_ftnref2\" name=\"_ftn2\">[2]<\/a> zum Beispiel auf den Deutschen Bundestag im Jahr 2015, f\u00fcr den laut Bundesanwaltschaft der russische Milit\u00e4rgeheimdienst GRU verantwortlich zeichnet, siehe dazu unter www.tagesschau.de, \u201eHaftbefehl gegen russischen Hacker\u201c, Florian Flade, 05.05.2022<\/p><p><a href=\"#_ftnref3\" name=\"_ftn3\">[3]<\/a> zum Beispiel der Angriff auf die Kampagne von Hillary Clinton im Jahr 2016, nach Angaben des US-Justizministeriums vom russischen Milit\u00e4rgeheimdienst GRU ausgef\u00fchrt. Siehe dazu www.tagesspiegel.de, \u201eZw\u00f6lf russische Spione wegen Wahlkampf-Cyberattacke in USA angeklagt\u201c, 13.07.2018<\/p><p><a href=\"#_ftnref4\" name=\"_ftn4\">[4]<\/a> gemeint ist der sogenannte \u201eTiergartenmord\u201c, siehe dazu auf www.welt.de, \u201eLebenslange Haft im `Tiergartenmord\u201c-Prozess\u00b4 \u2013 Auftrag f\u00fcr Mord kam laut Gericht aus Russland\u201c, 15.12.2021<\/p><p><a href=\"#_ftnref5\" name=\"_ftn5\">[5]<\/a> www.dhm.de, \u201eDie NS-Au\u00dfenpolitik\u201c, Claudia Prinz, 02.05.2002<\/p><p><a href=\"#_ftnref6\" name=\"_ftn6\">[6]<\/a> www.spiegel.de, \u201eEs zittern die morschen Knochen\u2026\u201c, Wilhelm Bittorf, 13.08.1989<\/p><p><a href=\"#_ftnref7\" name=\"_ftn7\">[7]<\/a> www.bpb.de, \u201eDas M\u00fcnchener Abkommen von 1938 \u2013 der gescheiterte Versuch, Hitler zu beschwichtigen\u201c, 25.09.2018<\/p><p><a href=\"#_ftnref8\" name=\"_ftn8\">[8]<\/a> www.handelsblatt.de, \u201eJoe Biden: Kein US-Milit\u00e4reinsatz in Ukraine gegen Russland \u2013 Scholz droht Moskau mit Konsequenzen\u201c, 08.12.2021<\/p><p><a href=\"#_ftnref9\" name=\"_ftn9\">[9]<\/a> www.spiegel.de, \u201eDie \u201aAtombombe\u2018 aus La Hulpe\u201c, Tim Bartz, Michael Br\u00e4cher, 17.01.2022 | www.spiegel.de, \u201eMerz warnt vor \u201aAtombombe\u2018 f\u00fcr die Kapitalm\u00e4rkte\u201c, 16.01.2022<\/p><p><a href=\"#_ftnref10\" name=\"_ftn10\">[10]<\/a> www.stern.de, \u201e30 Jahre ohne Sowjetunion &#8211; Putin k\u00e4mpft um Gro\u00dfmachtstatus\u201c, 26.12.2021<\/p>\t\t\t\t\t\t<\/div>\n\t\t\t\t<\/div>\n\t\t\t\t\t<\/div>\n\t\t<\/div>\n\t\t\t\t\t\t\t<\/div>\n\t\t<\/section>\n\t\t\t\t\t\t\t<\/div>\n\t\t","protected":false},"excerpt":{"rendered":"<p>Meinungsseite Twitter, sch\u00f6n und gut, aber manchmal braucht es eben mehr als 280 Zeichen um sich zu einem Thema zu \u00e4u\u00dfern. Deshalb gibt es hier immer wieder mal Kommentare von mir zum Zeitgeschehen. Ein neuer Kommentar wird dann immer auf meinem Twitter-Kanal @UlrichWegst angek\u00fcndigt. Die Lehre von M\u00fcnchen Er wurde nie erkl\u00e4rt und tobt doch [&hellip;]<\/p>\n","protected":false},"author":1,"featured_media":0,"parent":0,"menu_order":30,"comment_status":"closed","ping_status":"closed","template":"","meta":{"footnotes":"","twitterCardType":"","cardImageID":0,"cardImage":"","cardTitle":"","cardDesc":"","cardImageAlt":"","cardPlayer":"","cardPlayerWidth":0,"cardPlayerHeight":0,"cardPlayerStream":"","cardPlayerCodec":""},"yoast_head":"<!-- This site is optimized with the Yoast SEO plugin v22.6 - https:\/\/yoast.com\/wordpress\/plugins\/seo\/ -->\n<title>Meinungsseite -<\/title>\n<meta name=\"robots\" content=\"index, follow, max-snippet:-1, max-image-preview:large, max-video-preview:-1\" \/>\n<link rel=\"canonical\" href=\"https:\/\/ulrich-wegst.de\/?page_id=1824\" \/>\n<meta property=\"og:locale\" content=\"de_DE\" \/>\n<meta property=\"og:type\" content=\"article\" \/>\n<meta property=\"og:title\" content=\"Meinungsseite -\" \/>\n<meta property=\"og:description\" content=\"Meinungsseite Twitter, sch\u00f6n und gut, aber manchmal braucht es eben mehr als 280 Zeichen um sich zu einem Thema zu \u00e4u\u00dfern. Deshalb gibt es hier immer wieder mal Kommentare von mir zum Zeitgeschehen. Ein neuer Kommentar wird dann immer auf meinem Twitter-Kanal @UlrichWegst angek\u00fcndigt. Die Lehre von M\u00fcnchen Er wurde nie erkl\u00e4rt und tobt doch [&hellip;]\" \/>\n<meta property=\"og:url\" content=\"https:\/\/ulrich-wegst.de\/?page_id=1824\" \/>\n<meta property=\"article:modified_time\" content=\"2022-01-22T16:13:49+00:00\" \/>\n<meta name=\"twitter:card\" content=\"summary_large_image\" \/>\n<meta name=\"twitter:label1\" content=\"Gesch\u00e4tzte Lesezeit\" \/>\n\t<meta name=\"twitter:data1\" content=\"8\u00a0Minuten\" \/>\n<script type=\"application\/ld+json\" class=\"yoast-schema-graph\">{\"@context\":\"https:\/\/schema.org\",\"@graph\":[{\"@type\":\"WebPage\",\"@id\":\"https:\/\/ulrich-wegst.de\/?page_id=1824\",\"url\":\"https:\/\/ulrich-wegst.de\/?page_id=1824\",\"name\":\"Meinungsseite -\",\"isPartOf\":{\"@id\":\"https:\/\/ulrich-wegst.de\/#website\"},\"datePublished\":\"2020-07-05T13:09:44+00:00\",\"dateModified\":\"2022-01-22T16:13:49+00:00\",\"breadcrumb\":{\"@id\":\"https:\/\/ulrich-wegst.de\/?page_id=1824#breadcrumb\"},\"inLanguage\":\"de\",\"potentialAction\":[{\"@type\":\"ReadAction\",\"target\":[\"https:\/\/ulrich-wegst.de\/?page_id=1824\"]}]},{\"@type\":\"BreadcrumbList\",\"@id\":\"https:\/\/ulrich-wegst.de\/?page_id=1824#breadcrumb\",\"itemListElement\":[{\"@type\":\"ListItem\",\"position\":1,\"name\":\"Startseite\",\"item\":\"https:\/\/ulrich-wegst.de\/\"},{\"@type\":\"ListItem\",\"position\":2,\"name\":\"Meinungsseite\"}]},{\"@type\":\"WebSite\",\"@id\":\"https:\/\/ulrich-wegst.de\/#website\",\"url\":\"https:\/\/ulrich-wegst.de\/\",\"name\":\"\",\"description\":\"\",\"potentialAction\":[{\"@type\":\"SearchAction\",\"target\":{\"@type\":\"EntryPoint\",\"urlTemplate\":\"https:\/\/ulrich-wegst.de\/?s={search_term_string}\"},\"query-input\":\"required name=search_term_string\"}],\"inLanguage\":\"de\"}]}<\/script>\n<!-- \/ Yoast SEO plugin. -->","yoast_head_json":{"title":"Meinungsseite -","robots":{"index":"index","follow":"follow","max-snippet":"max-snippet:-1","max-image-preview":"max-image-preview:large","max-video-preview":"max-video-preview:-1"},"canonical":"https:\/\/ulrich-wegst.de\/?page_id=1824","og_locale":"de_DE","og_type":"article","og_title":"Meinungsseite -","og_description":"Meinungsseite Twitter, sch\u00f6n und gut, aber manchmal braucht es eben mehr als 280 Zeichen um sich zu einem Thema zu \u00e4u\u00dfern. Deshalb gibt es hier immer wieder mal Kommentare von mir zum Zeitgeschehen. Ein neuer Kommentar wird dann immer auf meinem Twitter-Kanal @UlrichWegst angek\u00fcndigt. Die Lehre von M\u00fcnchen Er wurde nie erkl\u00e4rt und tobt doch [&hellip;]","og_url":"https:\/\/ulrich-wegst.de\/?page_id=1824","article_modified_time":"2022-01-22T16:13:49+00:00","twitter_card":"summary_large_image","twitter_misc":{"Gesch\u00e4tzte Lesezeit":"8\u00a0Minuten"},"schema":{"@context":"https:\/\/schema.org","@graph":[{"@type":"WebPage","@id":"https:\/\/ulrich-wegst.de\/?page_id=1824","url":"https:\/\/ulrich-wegst.de\/?page_id=1824","name":"Meinungsseite -","isPartOf":{"@id":"https:\/\/ulrich-wegst.de\/#website"},"datePublished":"2020-07-05T13:09:44+00:00","dateModified":"2022-01-22T16:13:49+00:00","breadcrumb":{"@id":"https:\/\/ulrich-wegst.de\/?page_id=1824#breadcrumb"},"inLanguage":"de","potentialAction":[{"@type":"ReadAction","target":["https:\/\/ulrich-wegst.de\/?page_id=1824"]}]},{"@type":"BreadcrumbList","@id":"https:\/\/ulrich-wegst.de\/?page_id=1824#breadcrumb","itemListElement":[{"@type":"ListItem","position":1,"name":"Startseite","item":"https:\/\/ulrich-wegst.de\/"},{"@type":"ListItem","position":2,"name":"Meinungsseite"}]},{"@type":"WebSite","@id":"https:\/\/ulrich-wegst.de\/#website","url":"https:\/\/ulrich-wegst.de\/","name":"","description":"","potentialAction":[{"@type":"SearchAction","target":{"@type":"EntryPoint","urlTemplate":"https:\/\/ulrich-wegst.de\/?s={search_term_string}"},"query-input":"required name=search_term_string"}],"inLanguage":"de"}]}},"_links":{"self":[{"href":"https:\/\/ulrich-wegst.de\/index.php?rest_route=\/wp\/v2\/pages\/1824"}],"collection":[{"href":"https:\/\/ulrich-wegst.de\/index.php?rest_route=\/wp\/v2\/pages"}],"about":[{"href":"https:\/\/ulrich-wegst.de\/index.php?rest_route=\/wp\/v2\/types\/page"}],"author":[{"embeddable":true,"href":"https:\/\/ulrich-wegst.de\/index.php?rest_route=\/wp\/v2\/users\/1"}],"replies":[{"embeddable":true,"href":"https:\/\/ulrich-wegst.de\/index.php?rest_route=%2Fwp%2Fv2%2Fcomments&post=1824"}],"version-history":[{"count":7,"href":"https:\/\/ulrich-wegst.de\/index.php?rest_route=\/wp\/v2\/pages\/1824\/revisions"}],"predecessor-version":[{"id":1834,"href":"https:\/\/ulrich-wegst.de\/index.php?rest_route=\/wp\/v2\/pages\/1824\/revisions\/1834"}],"wp:attachment":[{"href":"https:\/\/ulrich-wegst.de\/index.php?rest_route=%2Fwp%2Fv2%2Fmedia&parent=1824"}],"curies":[{"name":"wp","href":"https:\/\/api.w.org\/{rel}","templated":true}]}}